{"id":64,"date":"2015-04-09T22:11:29","date_gmt":"2015-04-09T20:11:29","guid":{"rendered":"http:\/\/www.liebevoll-pflegen.de\/new\/?page_id=64"},"modified":"2015-04-09T22:25:30","modified_gmt":"2015-04-09T20:25:30","slug":"64-2","status":"publish","type":"page","link":"https:\/\/www.liebevoll-pflegen.de\/?page_id=64","title":{"rendered":"Unsere Leistungen"},"content":{"rendered":"<h2><strong> Was k\u00f6nnen wir f\u00fcr sie tun? <\/strong><\/h2>\n<ul>\n<li>\n<h3><span style=\"color: #808080;\"><strong> Beraten<\/strong><\/span><\/h3>\n<\/li>\n<li>\n<h3><span style=\"color: #808080;\"><b>Antr\u00e4ge stellen <\/b><\/span><\/h3>\n<\/li>\n<li>\n<h3><span style=\"color: #808080;\"><strong> Pflegen <\/strong><\/span><\/h3>\n<\/li>\n<li>\n<h3><span style=\"color: #808080;\"><strong> Im Haushalt helfen \/ den\u00a0Haushalt f\u00fchren <\/strong><\/span><\/h3>\n<\/li>\n<li>\n<h3><span style=\"color: #808080;\"><b> Einkaufen <\/b><\/span><\/h3>\n<\/li>\n<li>\n<h3><b><span style=\"color: #808080;\"> Sterbebegleitung<\/span><\/b><\/h3>\n<\/li>\n<\/ul>\n<p>&nbsp;<\/p>\n<h2><strong>Behandlungspflege: <\/strong><\/h2>\n<h2><\/h2>\n<ul>\n<li>\n<h3><span style=\"color: #808080;\">Verb\u00e4nde anlegen<\/span><\/h3>\n<\/li>\n<li>\n<h3><span style=\"color: #808080;\">Spritzen verabreichen<\/span><\/h3>\n<\/li>\n<li>\n<h3><span style=\"color: #808080;\">Infusionen verabreichen<\/span><\/h3>\n<\/li>\n<li>\n<h3><span style=\"color: #808080;\">Blutzuckerkontrolle<\/span><\/h3>\n<\/li>\n<li>\n<h3><span style=\"color: #808080;\">Atemhilfen einsetzen<\/span><\/h3>\n<\/li>\n<li>\n<h3><span style=\"color: #808080;\">Endotracheales absaugen<\/span><\/h3>\n<\/li>\n<li>\n<h3><span style=\"color: #808080;\">Blasenkatheter versorgen<\/span><\/h3>\n<\/li>\n<li>\n<h3>und vieles mehr<\/h3>\n<\/li>\n<\/ul>\n","protected":false},"excerpt":{"rendered":"<p>Was k\u00f6nnen wir f\u00fcr sie tun? Beraten Antr\u00e4ge stellen Pflegen Im Haushalt helfen \/ den\u00a0Haushalt f\u00fchren Einkaufen Sterbebegleitung &nbsp; Behandlungspflege: Verb\u00e4nde anlegen Spritzen verabreichen Infusionen verabreichen Blutzuckerkontrolle Atemhilfen einsetzen Endotracheales absaugen Blasenkatheter versorgen und vieles mehr<\/p>\n","protected":false},"author":1,"featured_media":0,"parent":0,"menu_order":0,"comment_status":"closed","ping_status":"closed","template":"","meta":{"footnotes":""},"class_list":["post-64","page","type-page","status-publish","hentry"],"_links":{"self":[{"href":"https:\/\/www.liebevoll-pflegen.de\/index.php?rest_route=\/wp\/v2\/pages\/64","targetHints":{"allow":["GET"]}}],"collection":[{"href":"https:\/\/www.liebevoll-pflegen.de\/index.php?rest_route=\/wp\/v2\/pages"}],"about":[{"href":"https:\/\/www.liebevoll-pflegen.de\/index.php?rest_route=\/wp\/v2\/types\/page"}],"author":[{"embeddable":true,"href":"https:\/\/www.liebevoll-pflegen.de\/index.php?rest_route=\/wp\/v2\/users\/1"}],"replies":[{"embeddable":true,"href":"https:\/\/www.liebevoll-pflegen.de\/index.php?rest_route=%2Fwp%2Fv2%2Fcomments&post=64"}],"version-history":[{"count":7,"href":"https:\/\/www.liebevoll-pflegen.de\/index.php?rest_route=\/wp\/v2\/pages\/64\/revisions"}],"predecessor-version":[{"id":73,"href":"https:\/\/www.liebevoll-pflegen.de\/index.php?rest_route=\/wp\/v2\/pages\/64\/revisions\/73"}],"wp:attachment":[{"href":"https:\/\/www.liebevoll-pflegen.de\/index.php?rest_route=%2Fwp%2Fv2%2Fmedia&parent=64"}],"curies":[{"name":"wp","href":"https:\/\/api.w.org\/{rel}","templated":true}]}}