{"id":13,"date":"2015-03-03T14:38:44","date_gmt":"2015-03-03T13:38:44","guid":{"rendered":"http:\/\/www.liebevoll-pflegen.de\/new\/?page_id=13"},"modified":"2015-04-09T22:07:37","modified_gmt":"2015-04-09T20:07:37","slug":"ueber-uns","status":"publish","type":"page","link":"https:\/\/www.liebevoll-pflegen.de\/?page_id=13","title":{"rendered":"\u00dcber uns"},"content":{"rendered":"<blockquote>\n<h2><strong>Wer sind wir?<\/strong><\/h2>\n<\/blockquote>\n<h3 style=\"padding-left: 60px;\">Wir sind ein bunt gemischtes Team aus:<\/h3>\n<blockquote>\n<ul>\n<li>\n<h3><span style=\"color: #808080;\">Kranken- und Altenpflegekr\u00e4ften<\/span><\/h3>\n<\/li>\n<li>\n<h3><span style=\"color: #808080;\">Hauswirtschaftliche Kr\u00e4ften<\/span><\/h3>\n<\/li>\n<li>\n<h3><span style=\"color: #808080;\">Erg\u00e4nzenden Hilfen<\/span><\/h3>\n<\/li>\n<li>\n<h3><span style=\"color: #808080;\">weitere Mitarbeiter<\/span><\/h3>\n<\/li>\n<\/ul>\n<\/blockquote>\n<p>&nbsp;<\/p>\n<blockquote>\n<h2><strong>Wer bezahlt unsere Arbeit ? <\/strong><\/h2>\n<ul>\n<li>\n<h3><span style=\"color: #808080;\">Pflegekassen<\/span><\/h3>\n<\/li>\n<li>\n<h3><span style=\"color: #808080;\">Krankenkassen<\/span><\/h3>\n<\/li>\n<li>\n<h3><span style=\"color: #808080;\">Private Kassen<\/span><\/h3>\n<\/li>\n<li>\n<h3><span style=\"color: #808080;\">Sozialamt<\/span><\/h3>\n<\/li>\n<li>\n<h3><span style=\"color: #808080;\">Selbstzahler<\/span><\/h3>\n<\/li>\n<\/ul>\n<\/blockquote>\n","protected":false},"excerpt":{"rendered":"<p>Wer sind wir? Wir sind ein bunt gemischtes Team aus: Kranken- und Altenpflegekr\u00e4ften Hauswirtschaftliche Kr\u00e4ften Erg\u00e4nzenden Hilfen weitere Mitarbeiter &nbsp; Wer bezahlt unsere Arbeit ? Pflegekassen Krankenkassen Private Kassen Sozialamt Selbstzahler<\/p>\n","protected":false},"author":1,"featured_media":0,"parent":0,"menu_order":0,"comment_status":"closed","ping_status":"closed","template":"","meta":{"footnotes":""},"class_list":["post-13","page","type-page","status-publish","hentry"],"_links":{"self":[{"href":"https:\/\/www.liebevoll-pflegen.de\/index.php?rest_route=\/wp\/v2\/pages\/13","targetHints":{"allow":["GET"]}}],"collection":[{"href":"https:\/\/www.liebevoll-pflegen.de\/index.php?rest_route=\/wp\/v2\/pages"}],"about":[{"href":"https:\/\/www.liebevoll-pflegen.de\/index.php?rest_route=\/wp\/v2\/types\/page"}],"author":[{"embeddable":true,"href":"https:\/\/www.liebevoll-pflegen.de\/index.php?rest_route=\/wp\/v2\/users\/1"}],"replies":[{"embeddable":true,"href":"https:\/\/www.liebevoll-pflegen.de\/index.php?rest_route=%2Fwp%2Fv2%2Fcomments&post=13"}],"version-history":[{"count":12,"href":"https:\/\/www.liebevoll-pflegen.de\/index.php?rest_route=\/wp\/v2\/pages\/13\/revisions"}],"predecessor-version":[{"id":63,"href":"https:\/\/www.liebevoll-pflegen.de\/index.php?rest_route=\/wp\/v2\/pages\/13\/revisions\/63"}],"wp:attachment":[{"href":"https:\/\/www.liebevoll-pflegen.de\/index.php?rest_route=%2Fwp%2Fv2%2Fmedia&parent=13"}],"curies":[{"name":"wp","href":"https:\/\/api.w.org\/{rel}","templated":true}]}}